*i + 3*i**2 + i. What are the prime factors of v(1)?
2, 3
Let i(q) = 10*q - 4. What are the prime factors of i(3)?
2, 13
Let i = 15 + 26. Let m = i - -10. Let w = m - 34. What are the prime factors of w?
17
Suppose 3*k - 162 = k. List the prime factors of k.
3
Suppose -5*m + 791 + 1074 = 0. List the prime factors of m.
373
Suppose 4*a + 316 = 5*g, 68 + 40 = 2*g + 3*a. List the prime factors of g.
2, 3, 5
Let v = 2 - -1. Suppose -v*u - 2*u = -10. What are the prime factors of u?
2
What are the prime factors of 1 + -2 + (51 - -5)?
5, 11
Suppose 0 = -5*u + 3*x + 100, 2*u = 6*u - 2*x - 82. List the prime factors of u.
23
Let u = 1 + 1. Suppose -9 = -u*c - c. Suppose -2*j + j = c*l - 16, -2*l + 8 = 2*j. List the prime factors of l.
2, 3
List the prime factors of 62/4 - 11/22.
3, 5
List the prime factors of (-1 + 35)/(-1 + 2).
2, 17
Suppose 2*k + 2 = -6. List the prime factors of 34*((-6 - k) + 3).
2, 17
Let i(x) = -3*x + 2. Let v(u) = -3*u**2 + 1. Let g be v(-1). Let f be i(g). Suppose 5*a = -3*h + 52, -f*h + 62 = -4*h + 3*a. List the prime factors of h.
2, 7
Let i = 12 - -12. Let m be (i/(-15))/(2/(-5)). Suppose -2*z - 4*h - 1 = h, -2*z + m*h = -8. What are the prime factors of z?
2
Let c = 2 + -5. Let d be ((-9)/2)/(c/8). Suppose m + m = d. List the prime factors of m.
2, 3
Let r(s) = s**2 + 10*s - 12. Suppose 3*h = -3, 7*q - 4*q - 4*h + 32 = 0. What are the prime factors of r(q)?
2, 3
Suppose 5*f - 12 - 83 = 0. Suppose -5*n = -2*n + 3*q - 15, -q = -2*n + f. What are the prime factors of n?
2
Let n be 6/33 + 62/22. Let v be 2/n + 507/9. Suppose -4*b - v = -5*j, 0*j - 2*j + 3*b + 27 = 0. What are the prime factors of j?
3
Let h(u) = -12*u. What are the prime factors of h(-2)?
2, 3
Let m(n) = n**3 + 5*n**2 + 3*n - 2. Let v be m(-4). Let i(d) = -5 + 3*d + 2 + v*d + 6*d**2 - 4*d**2. What are the prime factors of i(-4)?
3
Suppose -11 - 9 = -5*w. Suppose 2*t + w = 12. What are the prime factors of t?
2
Suppose 3*y + 5 = 5*p, 3*y + 4*p + 40 = 2*p. Let q be (-116)/y - 6/(-15). What are the prime factors of (1 - q)/(0 + -1)?
11
Suppose 3*o = -4*v + 16, 3*o + 2*o - 24 = -4*v. Suppose -5*b - o = 2*w, 0 = 2*b + 2*b + 16. Suppose 3*s - 2*k + 8 = 5*s, s = k + w. List the prime factors of s.
2, 3
Let m(b) = b**3 - 3*b**2 - 4*b. Let n be m(4). Suppose -z = -n*z - 10. What are the prime factors of z?
2, 5
Let w = -24 + 26. Suppose 2*r - 48 = w. What are the prime factors of r?
5
Suppose -t = -0*t - 27. List the prime factors of t.
3
Let u = -2 + -3. Suppose -3*p + w + 5 = 0, -3*p - 4*w - 8 = -3. Let g = p - u. What are the prime factors of g?
2, 3
Suppose 0 = n - 4*n + 3. Suppose 5 = -2*k - 5*c, -5*k = c - 44 - n. What are the prime factors of k?
2, 5
Suppose 0 = w - 4*k - 33, 2*w + 4*k - 3*k = 21. Let m = w + -7. Suppose -g - 1 + m = 0. What are the prime factors of g?
5
Suppose 2*f - 6 = -3*n + 6, -3*n + 21 = 5*f. Suppose -56 = -5*l + 3*w, 2*l - 15 - 1 = -n*w. What are the prime factors of l?
2, 5
What are the prime factors of -69*(20/15)/(-4)?
23
Let i(s) = -5*s**3 - 2*s. Let y be i(2). Let p = 72 + y. List the prime factors of p.
2, 7
Let d = 72 - 8. Suppose -d + 10 = -2*z. What are the prime factors of z?
3
Let u(s) be the third derivative of -s**6/120 - s**4/8 - s**3/3 + 5*s**2. What are the prime factors of u(-3)?
2, 17
Let b(k) be the third derivative of -k**5/60 + 7*k**4/24 + k**3/3 - k**2. Let y be b(7). List the prime factors of 13 + (3 - y)/(-1).
2, 3
Let p = 12 - 21. Suppose 0 = 2*b - 3*n + 40, -21 = b + 3*n - 5*n. Let v = p - b. List the prime factors of v.
2
Suppose 19*l - 14*l = 215. What are the prime factors of l?
43
List the prime factors of ((-85)/15 - -3)*(-19 + 1).
2, 3
Suppose z + 0*z - a - 18 = 0, 5*z + 3*a - 90 = 0. Suppose 3*c + 3*r - 75 = 0, -87 = -2*c - c + 3*r. Let j = c - z. List the prime factors of j.
3
List the prime factors of (32*-2)/(-12 + 10).
2
Let g = 252 + -97. Suppose 4*i - g = 5*d, -3*d + 143 = 4*i - 20. List the prime factors of i.
2, 5
Let g(q) = 3*q**3 + 2*q + 4*q**3 - 6 + 2*q - 6*q**3 + 8*q**2. List the prime factors of g(-7).
3, 5
Suppose -101 = -3*y + 7. List the prime factors of y.
2, 3
Suppose -o - 1 = -4*u - 6, -2*o - 2*u = -60. Let c = -15 + -3. Let a = o + c. List the prime factors of a.
7
Suppose -2*g - 10 = -4*g. Suppose 0 = -g*d - 3 + 58. What are the prime factors of d?
11
Let q be 0 + -1 - -3 - -2. Let k(n) = -n**3 - 3*n**2 + 2*n - 3. Let u be k(-4). Suppose 3*l + l = q*b + 48, l = -u*b + 6. What are the prime factors of l?
11
Let q = 233 + -95. What are the prime factors of q?
2, 3, 23
Let p = -135 + 253. What are the prime factors of p?
2, 59
Suppose -3*z = s - 0*s - 57, -s - 19 = -z. Suppose z + 25 = 2*x. What are the prime factors of x?
2, 11
Suppose 0*t = -5*t. List the prime factors of -1 + 3 + t - -3.
5
Let k(g) = 8*g + 56. List the prime factors of k(21).
2, 7
Suppose 3*f - 83 = -2*n + 54, -2*f = -n - 96. List the prime factors of f.
47
Suppose -2*j = -4*j. Suppose j*c + 2*c = 18. What are the prime factors of c?
3
Suppose -20 = -4*a + 4*d, 9 = -2*d - 1. What are the prime factors of (-10 + 0)/(-2) + a?
5
Let k(t) = 5*t - 7. List the prime factors of k(5).
2, 3
Let c = -7 + 10. Suppose 3 + c = z. What are the prime factors of z?
2, 3
Let l(a) = 6*a**2 + 3*a - 1. Let s be l(2). Let q = s - 18. Let x = q + -8. List the prime factors of x.
3
Suppose 4*f - 235 = -w, 73 = 2*f - f + 5*w. What are the prime factors of f?
2, 29
Let s(f) = f**3 + 4*f**2 - f + 3. What are the prime factors of s(5)?
223
Let x = 46 - 32. What are the prime factors of x?
2, 7
Let u = -3 - -6. Let f be 9/u - 2 - -1. Suppose 2*g - 3*h - 38 = 0, f*h = 2*g + 3*g - 106. List the prime factors of g.
2, 11
Suppose 5*k = 77 + 213. List the prime factors of k.
2, 29
Let i be 6/(-12) - 186/(-4). Suppose 0 = -4*u + 3*c - 52, -4*u - i = u + c. Let o = u - -19. What are the prime factors of o?
3
Suppose -94*r = -89*r - 805. List the prime factors of r.
7, 23
Let y(r) = -10*r**3 + 11*r**2 - 21*r + 2. Let t(b) = 7*b**3 - 7*b**2 + 14*b - 1. Let z(v) = -7*t(v) - 5*y(v). What are the prime factors of z(5)?
7
Let r(w) = -w**3 - 15*w**2 + 14*w + 28. What are the prime factors of r(-16)?
2, 3, 5
Let a be (20/(-8))/((-2)/16). Suppose 3*z - 2 = 2*p, -2*z = -p + 5*p + a. What are the prime factors of 3*3 - 0/p?
3
What are the prime factors of 2/8 - 115/(-4)?
29
Suppose -100 = -2*j + 32. What are the prime factors of j?
2, 3, 11
Suppose -7*l + 2*b + 12 = -3*l, -5*b = 2*l - 30. Suppose -l*d = 2*h + 95 - 268, -4*h = 5*d - 181. Suppose d + 12 = 3*p. What are the prime factors of p?
3, 5
Let n(j) = -j**2 - 10*j - 1. Let o be n(-9). Suppose t = -0*t + 4. Suppose -z - 2*b = -b - 8, z - t*b = o. List the prime factors of z.
2
Suppose 4*o + 4 = 3*v - 0*v, -3*o - 5*v - 3 = 0. Suppose 0 = b + 2*u + 26, 0*b = -b + 2*u - 38. List the prime factors of o/3 + b/(-6).
5
Suppose 4*t + 3*q = 169, -3*t + 41 = -2*t + q. Let h = -16 + t. Suppose 4*w + a - 16 = 2*w, 3*a = -4*w + h. List the prime factors of w.
3
Let z = 8 + 51. What are the prime factors of z?
59
Let h(k) = k - 3. Let p be h(8). Suppose -3*a - p = 73. Let z = -15 - a. List the prime factors of z.
11
Suppose -3*p = p - 20. Suppose -k + 2 = -p. Let q = k + -4. List the prime factors of q.
3
Let o(w) = 26*w**3 - w**2 + 1. What are the prime factors of o(1)?
2, 13
Let v be 2*5/2*3. Let o = -10 + v. List the prime factors of o*1 - (4 - 6).
7
Suppose 3*i = -11*i + 1932. List the prime factors of i.
2, 3, 23
Suppose -l + 0*l + 3*o = -9, 5*l + 15 = -5*o. Let x be -1 + 8/(1 + 1). Suppose 0 = -j - x*j - u + 11, l = -u - 1. List the prime factors of j.
3
Let m(w) = -w**3 - 8*w**2 - 7*w + 3. Let l be m(-7). Let r = -4 - -9. Suppose r*n - 18 = l*n. List the prime factors of n.
3
Let g(v) = -4*v**3. Let j be g(-1). Let c = 12 - j. List the prime factors of c.
2
Suppose -5*z + 19 = -1. Let y be ((-8)/(-6))/z*18. Suppose -2*i + y = -i. What are the prime factors of i?
2, 3
Let u(t) = -t**2 - t. Let n(m) = -7*m**2 + 2*m + 7. Let s(y) = n(y) - 6*u(y). Let w be ((-3)/(-9))/(2/42). List the prime factors of s(w).
2, 7
Let w = 35 + -49. Let z be (-4)/(-6) + 442/(-51). Let b = z - w. List the prime factors of b.
2, 3
Suppose 10*p - 5*p - 15 = 0. Suppose -5*l = -n - 120, -p*n = -5*l + 6*l - 24. Suppose -3*d + d + l = 0. List